
12
Let u be 2/(-9) + (-136)/36. Let z(m) = -m**3 - 5*m**2 - 5*m - 5. Let w be z(u). Let p = 6 - w. What is the greatest common factor of 70 and p?
7
Suppose -7*w + 2735 = 383. Calculate the greatest common factor of 96 and w.
48
Suppose 0 = -20*j - 12*j + 288. Calculate the highest common divisor of j and 3.
3
Suppose -491 = -7*u - 8. Calculate the highest common divisor of 23 and u.
23
Let p be 4/(-20) + (-952)/(-10). Suppose 100 = 2*b - 3*i - i, -5*i + p = 3*b. What is the greatest common divisor of b and 8?
8
Let t = 17 - 10. Suppose 0*b = -2*b + 260. Suppose -5*i + 115 = -5*y, t*i - 2*y = 2*i + b. What is the highest common factor of i and 14?
14
Let t be (-69)/(-21) + 2/(-7). Suppose y - t*y = -2, 5*m - 111 = -y. What is the highest common divisor of m and 66?
22
Let m(l) be the second derivative of 2*l + 0*l**4 + 1/20*l**5 + 15/2*l**2 + 0*l**3 + 0. Let w be m(0). Calculate the greatest common divisor of w and 3.
3
Let n(s) = -s**2 + 20*s + 25. Let v = 113 - 93. Let q be n(v). What is the greatest common divisor of q and 175?
25
Suppose -l + 0 = -6. Let y = -13 - -15. Suppose -4*d - 4 = 2*a, -y = a + 2*a + 5*d. Calculate the greatest common factor of a and l.
6
Suppose 108 - 102 = 2*a. Let c be (34/a)/((-2)/(-3)). Calculate the greatest common divisor of c and 187.
17
Suppose -4*h + 19 = -4*p + 47, -29 = -5*p + 2*h. Suppose 3*j - 549 = -p*g, j + 98 = 4*g - 331. What is the highest common divisor of g and 12?
12
Let c(q) = q**2 - 9*q - 1. Let l be c(11). Let p = 7 - 25. Let d = p - -39. What is the highest common factor of l and d?
21
Let k(v) = 7*v**3 + v**2 - 9*v - 9. Let j be k(5). Calculate the greatest common factor of j and 18.
18
Let d = 29 + -6. Let z be ((-30)/(-4))/((-30)/(-280)). Suppose 0 = a + 1 - z. What is the highest common divisor of a and d?
23
Let n = 345 + -41. Calculate the greatest common factor of n and 38.
38
Suppose -9 = 4*r - 3*n, 4*r + 2*n + 2*n = 12. Let b(x) = x**3 - 2*x**3 - 11*x**2 + r*x**3 + 6. Let d be b(-11). What is the highest common factor of 30 and d?
6
Let j be 2/(-4) + 9/2. Suppose 20*u + c + 8 = 23*u, 0 = u + 3*c - 16. Suppose u*s = -2*h, h + 2*s = 2*h - 8. What is the greatest common factor of j and h?
4
Let y be 77/3 + ((-44)/6)/11. Let m(z) = z. Let s be m(4). Suppose 0*g + 400 = s*g. Calculate the highest common divisor of g and y.
25
Let w be -276 + (-3)/(12/16). Let k = 413 + w. Calculate the highest common divisor of 19 and k.
19
Let s(l) = -l**2 - 13*l - 6. Suppose 0 = 2*w - 4*w - 14. Let x be s(w). What is the highest common divisor of 9 and x?
9
Suppose 2*o + 3*o - 30 = 0. Let k = -121 + 175. Let x = k + -36. What is the greatest common factor of o and x?
6
Let s(r) = 418*r**2 - 12*r + 35. Let c be s(2). What is the highest common factor of 66 and c?
33
Suppose 11*f = 2*f - 126. Let z be (-1046)/f + (-1)/7*-2. Calculate the greatest common divisor of z and 30.
15
Let f = -259 + 484. What is the highest common divisor of f and 50?
25
Let c be (-4)/((-2 - -1)*1). Suppose -h + 2 = -r, -2*h = 13*r - 11*r - 4. Calculate the greatest common divisor of h and c.
2
Let i be (0 + (0 - 3))/((-24)/64). Suppose 5*y = 3*y + 32. Calculate the highest common divisor of i and y.
8
Suppose 6*a = 8 + 4. Suppose 2*g = -5*u + 15, 6*u - 46 = -5*g + a*u. Calculate the highest common divisor of 50 and g.
10
Let s be 5*(-2)/(-5)*4. Let w be (23 - s) + -1 + -2. Let j be 2/(-3) + 68/w. What is the greatest common factor of 15 and j?
5
Let v = 20 + -15. Suppose -a + 27 = 4*q - 1, -v*a - 5*q + 95 = 0. Let x = 23 - a. What is the highest common factor of 63 and x?
7
Let n = -17 - -22. Suppose -3*f - 4*r + n = 0, 2*f = f - 3*r. Suppose -3*w = -3*c - 48, -f = -c + 2. Calculate the greatest common divisor of w and 63.
21
Let t = 205 + -193. Calculate the greatest common factor of t and 30.
6
Suppose -8 = -n - 5*s, 3*n + 0*s - 5*s = 24. Let p(o) = -n - 7*o + 5*o + 4*o. Let t be p(12). Calculate the greatest common factor of 24 and t.
8
Let n(i) = -i**3 - 2*i**2 + 3*i - 4. Let d be n(-3). Let u = d + 39. What is the greatest common divisor of u and 14?
7
Suppose 101*s = 97*s + 88. Calculate the highest common factor of 44 and s.
22
Let o = 260 + -103. Suppose s - o = -5*m + 3*s, -4*m + 2*s + 126 = 0. What is the highest common factor of m and 341?
31
Suppose 0*t + 2870 = 5*t + 2*w, 3*w - 15 = 0. What is the highest common factor of t and 104?
52
Suppose 0 = 2*m, -m + 43 - 7 = 2*s. Calculate the highest common divisor of 171 and s.
9
Suppose -6*t + 9 = -45. Calculate the highest common factor of t and 909.
9
Suppose n - 24 = -5*n. Suppose -5*z = -d - 41, -8 = n*d - 24. Calculate the highest common factor of z and 45.
9
Let f be -1*2*3/(-3). Suppose 5*k = -2*m + 3*m + 8, m = f*k - 11. Let p = m - -19. Calculate the greatest common factor of 48 and p.
6
Let p = -19 + 39. Let t be 1*47 - 45/(-15). Calculate the greatest common divisor of t and p.
10
Let v = 50 - 45. Suppose -2*j = 4*y - 100, -v*j + 4*y = -0*y - 180. What is the highest common factor of 60 and j?
20
Let s be 1/(4*(-2)/(-16)). Let y be (-2)/(-4)*76/s. What is the greatest common factor of y and 19?
19
Suppose 0 = 28*c - 33*c, 81 = 3*b + 3*c. Calculate the greatest common divisor of 18 and b.
9
Let q be 9/30*-16*3080/(-132). Calculate the highest common divisor of 8 and q.
8
Suppose 21*t + 19*t - 30800 = 0. What is the highest common factor of 220 and t?
110
Let u be (-2 - -4) + (-2 - 1). Let g be (5/(-10))/(u/168). Suppose 3*o = 4*r + 116, -2*o + 4*r = -0*o - g. What is the highest common factor of o and 80?
16
Let t be (-4)/(-6)*(-45)/(-6). Suppose -t*d + 455 = 65. What is the highest common divisor of 6 and d?
6
Let x(j) = 7*j + 123. Let d be x(-9). Calculate the greatest common factor of 1110 and d.
30
Let h(b) = -59*b**2 - 200*b + 3. Let w be h(-3). What is the greatest common divisor of w and 828?
36
Let l = -419 - -467. What is the greatest common divisor of 264 and l?
24
Let q(u) = 2*u**2 - 17*u - 9. Let k be q(12). Suppose 0 = h + 4*h - k. Calculate the greatest common divisor of h and 15.
15
Suppose -9*f = -99 - 36. Calculate the highest common divisor of 240 and f.
15
Suppose n + 4*d = 661, n - 3*d = -n + 1333. Calculate the highest common factor of 95 and n.
95
Suppose 2*d - 5*d + 54 = 0. Suppose l + 0*g = 5*g + 2, 0 = -3*l + 3*g + 6. Let t = 4 + l. Calculate the highest common divisor of d and t.
6
Suppose 0 = -u - 2*c + 5990, -c = 3 + 2. Let l(f) = 64*f - 1. Let t be l(-1). Let z be (-10)/t + u/39. Calculate the highest common divisor of 14 and z.
14
Suppose 0 = -17*w + 7250 - 705. What is the highest common divisor of w and 70?
35
Let p = -152 - -208. Suppose 0*z - 14 = -z. What is the highest common divisor of z and p?
14
Let t(d) = -d**2 + 8*d - 3. Let g be t(4). Suppose 466 = 22*f - 678. What is the highest common divisor of g and f?
13
Let v(k) = k**2 + 9*k + 6. Let j be v(-8). Let x(y) = -3*y**3 - 2*y**2 - 2*y - 2. Let z be x(j). What is the greatest common factor of 126 and z?
18
Let b be 3/7 - (-1768)/56. Calculate the greatest common factor of b and 80.
16
Let x be 2*(-3 - (-58)/4) - 5. Let g = -11 - -47. What is the greatest common factor of x and g?
18
Let m = -60 - -63. Suppose 4*j - 62 = -m*h, 3*j - 8 = -2. Let x be (12/3)/((-2)/(-1)). Calculate the greatest common factor of h and x.
2
Let p be (0 - 12/(-20)) + 6588/20. Let s = p - 205. Suppose 164 - 414 = -5*x. Calculate the highest common divisor of x and s.
25
Suppose 2*z + 20 = 5*x, 0 = -2*x + 4*z + 8 + 16. Suppose d + f = 4*d - 43, 2*d - 22 = x*f. Calculate the greatest common divisor of d and 128.
16
Let k(v) = 22*v - 18. Let t be k(1). Let a(m) = -3*m + 5. Let f be a(-5). What is the greatest common divisor of f and t?
4
Suppose 0 = 4*r + j - 387, 4*r + 101 = 5*j + 470. Suppose -2*c = n - 16, n - 76 = -2*n + c. What is the highest common divisor of r and n?
24
Suppose 105*p + 1235 = 110*p. What is the highest common divisor of p and 13?
13
Let l(j) = j**3 - 2*j**2 - 3*j + 2. Let k be l(3). Suppose -k*p = 3*p - 30. Let c = 10 + -4. What is the highest common factor of p and c?
6
Suppose -2*o = 4*n - 20, 4*o - 8 - 12 = -3*n. Let q be o/(-3)*510/(-20). Calculate the highest common factor of 153 and q.
17
Let z = -98 - -148. Suppose 0 = -n - 3 + 23. Let r = n + -10. What is the 